168 - 228 = -9*i. Suppose -3*m + i + 25 = 0. Let o = m - 19. List the prime factors of o.
2
Let o = 162 + -158. Suppose o*s = -4*c + 2712, 21*s + 1371 = 23*s - c. What are the prime factors of s?
683
Suppose -m - 2*s + 18606 = 0, -16*m + 12*m - s = -74431. List the prime factors of m.
2, 1163
Let t(g) = -2*g**2 + 13*g + 30. Let c be t(8). Suppose -4*f = -2*y - 3970, -c*y + y = 3*f - 2984. What are the prime factors of f?
3, 331
Suppose -5*t - 3*j + 2432 = 0, 1157 = 5*t - 5*j - 1203. List the prime factors of t.
13, 37
Suppose -5*w = -5, -9*w - 26 = -q - 11*w. Suppose -1196 = q*x - 28*x. What are the prime factors of x?
13, 23
Suppose -75*g + 81*g - 18 = 0. Suppose -900 = -3*w - g*r, 0 = -13*w + 8*w - r + 1492. List the prime factors of w.
2, 149
Let b(m) = 357*m**2 - 82*m + 276. List the prime factors of b(3).
3, 23, 47
Suppose 24 = 3*h + 54. Let a = 385 + h. List the prime factors of a.
3, 5
Let v = -46429 + 76845. List the prime factors of v.
2, 1901
Suppose 0 = 27*f - 802 - 764. List the prime factors of (f/7)/((-18)/(-504)).
2, 29
Let l be 3/30*-4 + (-12)/(-5). Suppose 2*x = -l*x - 3*j + 151, 2*j = -5*x + 194. Suppose -4*t = -0*t + v - 52, -x = -2*t - 4*v. List the prime factors of t.
2, 3
Let o = 11 + -7. Suppose o*s - 304 = 2*f, -f + 3*s + 28 = 185. What are the prime factors of -1 - (f*(3 - 2) - -3)?
2, 3, 23
Let u(g) = 17*g + 3. Let y be u(1). Let m be y/4*47 - -4. Suppose -3*x = -o - 0*o + 93, -3*o + m = x. What are the prime factors of o?
3
Let q be -4 - 259217/(-35) - 2/10. Suppose 5923 = 5*k - k + 3*v, -q = -5*k - 2*v. List the prime factors of 12/78 - k/(-13).
2, 3, 19
Let u(q) = -q**3 - 2*q + 306. Let x be 2/(-6)*(5 - (-1 - -6)). What are the prime factors of u(x)?
2, 3, 17
Suppose 0 = 2*s + 3*d + 306 - 108, 259 = -3*s + 5*d. Let q = 204 - s. List the prime factors of q.
3, 11
Suppose 0 = -i + 2*x + 185, -7*x = -4*i - 5*x + 716. What are the prime factors of (117/27)/(1/i)?
13, 59
Suppose 0*q = -3*q + q. Suppose 127 = 3*u + 5*w, q = w - 3*w - 2. Suppose -42*m + u*m = 20. List the prime factors of m.
2, 5
Suppose -8*u + 9*u - 24885 = -2*n, -3*n + 37334 = -5*u. What are the prime factors of n?
23, 541
Let f = 4153 - -898. What are the prime factors of f?
5051
Let l be (-1 + -6 + 3)*1484. What are the prime factors of (l/(-84))/(2/18)?
2, 3, 53
Suppose 5*t - m = 323895, 2*t - 129558 = -133*m + 130*m. What are the prime factors of t?
3, 11, 13, 151
Let h = -53167 - -113611. What are the prime factors of h?
2, 3, 23, 73
Let l(i) = -155*i**2 + 3*i + 4. Let s(f) = f + 1. Let w(y) = -l(y) + 3*s(y). Let o(z) = -z**2 + 2*z + 14. Let b be o(5). What are the prime factors of w(b)?
2, 7, 11
List the prime factors of (2292/(-7))/((-12)/84).
2, 3, 191
Let b be 57676/20 - (186/(-30) + 7). Let l = -1719 + b. What are the prime factors of l?
2, 3, 97
Let y(k) be the first derivative of -k**3/3 - 5*k**2/2 - 3*k + 8. Let h be y(-4). What are the prime factors of ((-7)/4)/(h/(4*-2))?
2, 7
What are the prime factors of (-4 + 4 - -9 - 148)*-109?
109, 139
Suppose -721 = -4*a + v, 0 = -0*a + 3*a - 3*v - 552. Let y(q) = q**3 - 2*q**2 - q - 4. Let s be y(-4). Let o = a + s. What are the prime factors of o?
83
Let l(q) = -2*q**3 - 6*q**2 - 13*q - 1. List the prime factors of l(-13).
2, 887
Let y be (1/(-7) - 44/(-14)) + 1. Suppose y*j = 2787 + 105. Suppose -5*o = -2*r - 857, 5*o + 3*r - j = 129. List the prime factors of o.
3, 19
Suppose 0 = 2*u + 5*a - 1800, -11*u + 3648 = -7*u - 2*a. List the prime factors of u.
2, 5, 7, 13
Let h(d) be the first derivative of d**3/3 - 33*d**2/2 - 10*d - 25. What are the prime factors of h(-11)?
2, 3, 79
Let b(q) be the first derivative of 82*q**2 - 3*q - 52. What are the prime factors of b(2)?
5, 13
Suppose j - 420418 = 23*j - 2400352. List the prime factors of j.
3, 131, 229
Let l be ((-1)/2)/(-1)*368. Let u = -131 + 242. Let m = l - u. What are the prime factors of m?
73
Suppose 885605 + 1096077 = 72*f - 991486. What are the prime factors of f?
2, 11, 1877
List the prime factors of 63/18*(-127860)/(-105).
2, 2131
Suppose 20*i + 14*i = 45*i - 109615. List the prime factors of i.
5, 1993
Let f = -55285 - -91626. List the prime factors of f.
36341
Let q be (-12)/(-50)*(-55)/(-22)*5. Suppose 5*r = 3*j + 1613, 1291 = 5*r - r - q*j. List the prime factors of r.
2, 7, 23
Suppose 9*d - 47 + 11 = 0. Suppose -d*o - 61 = -h + 114, 3*h = -o + 538. List the prime factors of h.
179
Suppose -23*h = -5*h - 54. Suppose h*p = -a + 878, -3*a - 2*p = -0*p - 2627. List the prime factors of a.
5, 7
Let y = 5707 - 2908. What are the prime factors of y?
3, 311
Suppose 4*j = -0*t - 4*t - 16, -5*t - 4*j - 16 = 0. Suppose 3*s + 4698 = 5*d - 0*s, 3*d + 5*s - 2812 = t. List the prime factors of d.
3, 313
Suppose 0*w = 5*w + 25. Let z be 58 - 5/w*-4. Suppose z = 3*v - 21. List the prime factors of v.
5
Suppose 1482 = 7*q + 1433. Suppose q*a - 5216 = 125. List the prime factors of a.
7, 109
Let g = -231 + 219. What are the prime factors of 1395/(-6)*(5 - (-92)/g)?
2, 5, 31
Let j(t) = 49*t**2 + 66*t + 248. List the prime factors of j(23).
3, 11, 839
List the prime factors of (-4713)/(-2)*12376/1326.
2, 7, 1571
Let z(y) = -65*y + 2545. What are the prime factors of z(0)?
5, 509
Let x(a) = 506*a + 210. Let t be x(15). Suppose 13*w = w + t. What are the prime factors of w?
2, 5, 13
Suppose 4*w + 4*x - 71 = 25, -4*w - x = -105. Suppose -27 = -4*i - w. Suppose -a + 0*a = -3*t + 118, 2*t - 5*a - 83 = i. List the prime factors of t.
3, 13
Suppose -2*u - 38*c = -42*c - 14152, 2*u = -2*c + 14170. What are the prime factors of u?
2, 3541
Suppose a + v = 256, -2*v = -2*a + 5*a - 769. Suppose -3*f - 8*z + a = -10*z, 5*z = -f + 97. List the prime factors of f.
3, 29
Suppose 639*q = 1291*q - 638*q - 146020. What are the prime factors of q?
2, 5, 7, 149
Let x = -2 + -8. Let n = 249 + -9. Let w = n + x. What are the prime factors of w?
2, 5, 23
Suppose 4*r = -5*d + 121 - 33, 2*d - 37 = -r. Let a be 70/3 - 1/3. Suppose a*w - 240 = d*w. List the prime factors of w.
2, 5
Let r be (-34)/3 + (-9)/(-27) - -3. Let o(l) = -l - 3. Let a be o(r). Suppose -2*t + 162 = a*p, -3*t - 3*p + 86 = -139. List the prime factors of t.
71
Suppose 20*c - 75665 = 214055. List the prime factors of c.
2, 7243
Suppose -l + h + 7770 = 0, 38808 = 5*l + 41*h - 39*h. List the prime factors of l.
2, 3, 647
Suppose -5*z + 5*o - 110 = 0, 35 = 4*z - 5*o + 128. Let t(s) = s**2 + 16*s - 12. Let a be t(z). List the prime factors of (166 - (-3 + a)) + (4 - 5).
163
Let f be (78/18 - 5) + 9002/3. Suppose 3*l + 4*t - 1800 = 0, 0 = 5*l - 3*t + 4*t - f. What are the prime factors of l?
2, 3, 5
Let b(i) = 63*i + 315. Let q be b(-5). Suppose 2169*r - 2178*r + 9594 = q. What are the prime factors of r?
2, 13, 41
Let m = -10747 + 17132. List the prime factors of m.
5, 1277
Let o = -81 - -93. Suppose -o = -h - h. Suppose h*k - 593 = 553. What are the prime factors of k?
191
Suppose 2*c - 8 = 0, 0*m - m + 4*c + 866 = 0. Suppose -4*g = t - 4*t + m, -5*g - 15 = 0. List the prime factors of t.
2, 5, 29
Suppose 21*d - 393 - 5151 = 0. What are the prime factors of (-2 + 1 + 3)/(16/d)?
3, 11
Let u be (12/(-9))/(3 + 64/(-21)). Let z(j) = -j**2 + 28*j + 56. List the prime factors of z(u).
2, 7
Let f = 10 - 8. Suppose 0*x - 1034 = -f*x - 4*u, -3*x + u = -1516. Suppose -4*h + x = -h. List the prime factors of h.
13
Let p(y) = -10*y**2 + 3*y**3 + 2*y**3 - 6*y**3 + 2*y**3 + 5. Let v be p(10). Suppose -5*f - n = -92, -5*f - v*n = -2*n - 86. List the prime factors of f.
19
Let q(d) = 44*d**2 - 175*d + 344. What are the prime factors of q(-28)?
2, 5, 1987
Suppose 9*j - 45*c = -40*c + 274069, -j - 2*c + 30470 = 0. What are the prime factors of j?
2, 3, 47
Let i(v) = v**3 + 18*v**2 - 19*v + 5. Let h be i(-19). Suppose 2*f - 123 = h*f. Let k = f - -108. List the prime factors of k.
67
Let u = -6 - -2. Let b be u/(-6) + 7552/12. Suppose 3*d - 4*m - 392 = 0, -2*d = -7*d + 2*m + b. List the prime factors of d.
2, 31
Let b = 24009 + -23368. List the prime factors of b.
641
Suppose 10*p - 5026 = 604. Suppose -10*d = -107 - p. List the prime factors of d.
67
Let x = 17 + -15. Let m(q) = 9 - q**2 + 5*q**2 - 3*q**2 - 14*q - x*q**2. What are the prime factors of m(-6)?
3, 19
Suppose -981 = -3*v + 891. Let q = v - 199. What are the prime 